.
62
Calculate the remainder when 1744/30 - 4/30 is divided by 30.
28
Suppose 0 = 5*o - 5*u - 110, -2*u + 76 = 3*o - 10. Calculate the remainder when o is divided by 3.
2
Let y(f) = -f**2 + 2*f + 9. Let k be y(0). Suppose k*o = 14*o - 20. What is the remainder when 14 is divided by o?
2
Suppose 0*y + 3*y - 84 = 0. Suppose 0 = -2*o + 3*o + 4*b - 34, -5*o = -3*b - 78. What is the remainder when y is divided by o?
10
Suppose 87*o + 58 = 89*o. Calculate the remainder when 170 is divided by o.
25
Suppose 768 = -374*g + 382*g. What is the remainder when g is divided by 44?
8
Let w be 3/1 - (-4 - 10/5). Let o = w + 7. What is the remainder when 77 is divided by o?
13
Suppose -5*k = 4*m, -7*m - 25 = -2*m. Suppose -8*j + k*j - 3*v + 53 = 0, -v - 19 = -2*j. Calculate the remainder when 54 is divided by j.
10
Let b(o) = o**2 - 2*o - 8. Suppose 4*z = -2*x + 78, 5*x - 12 - 118 = 3*z. What is the remainder when x is divided by b(6)?
13
Suppose t = -2*f + 61, 5*f - 2*f - 86 = 4*t. Suppose 3606 + 39 = -29*p + 74*p. Calculate the remainder when p is divided by f.
21
Let k = 20 - -13. Calculate the remainder when 526 is divided by k.
31
Suppose 0 = 5*y - 3*l - 17, -14 = -0*y - 2*y + 3*l. Suppose 0 = 4*a - 3 - 5. What is the remainder when y is divided by (-4)/(-8)*(a - 0)?
0
Suppose 0 = 2*s + s - 9. Let w(b) = b**3 - 13*b**2 - 10*b - 48. Let i be w(14). Suppose -i*n = -s*n - 35. Calculate the remainder when 11 is divided by n.
4
Let g(c) = -24*c + 252. Suppose -4*o + 33 + 7 = 0. What is the remainder when g(6) is divided by o?
8
Let u(t) = -5*t + 3. Let g = 9 - 14. Let l be u(g). Suppose 2*w - l = h, 3*w = w - 2*h + 34. What is the remainder when 58 is divided by w?
13
Suppose -13*k - 4*k = -12240. What is the remainder when k is divided by 19?
17
Let n be 4/(((-20)/(-35))/(2/7)). Suppose -h + 117 = 2*g + n*h, 53 = g - 4*h. What is the remainder when g is divided by 29?
28
Let v = 16 + 2. Suppose -597 = -8*w - 189. Calculate the remainder when w is divided by v.
15
Let f(o) be the third derivative of -5*o**4/12 + 2*o**3/3 - 4*o**2. Let s be f(4). Let k = -20 - s. What is the remainder when 29 is divided by k?
13
Let x be (-48)/(-15) + 0 + (-2)/10. Suppose x = 3*g - 3. Calculate the remainder when 39 is divided by g.
1
Calculate the remainder when (-1 + 2)/((-14)/((-12320)/8)) is divided by 74.
36
Let d = 22 + 0. What is the remainder when 129 is divided by d?
19
Suppose -11 = -5*p - 1. Suppose -4*x = -t + 2, -p*t + 3*x = 3 - 2. What is the remainder when 49 is divided by 1 + -2 + 20 + t?
15
Let b be 0*(3/6 + -1). Suppose b = 4*y - 2*y - 24. What is the remainder when 20 is divided by y?
8
Let i = 79 - 50. What is the remainder when -39 - 17982/(-189) - ((-3)/7)/(-3) is divided by i?
27
Calculate the remainder when -8 + (-1 - -4) + (-231)/(-3) is divided by 20.
12
Suppose -35*n - 395 = -30*n. Let d = n + 155. Suppose -4*b + 8 = q, b = 4*q - 2*b - 89. What is the remainder when d is divided by q?
16
Let y = 112 - -121. Suppose 3*r = 2*f + 220 + 19, -3*r + y = -5*f. Let a(v) = 3*v + 24. What is the remainder when r is divided by a(-1)?
18
Suppose -10 = 4*p + 5*w, 3 - 1 = 2*p - w. Suppose p = 6*l + 12 - 144. What is the remainder when 23 is divided by l?
1
Let l(x) = 3*x**2 + 4*x - 2. Let c be l(-4). Let u = -32 + c. Let s = u - -12. Calculate the remainder when 19 is divided by s.
9
What is the remainder when 147 + (-138)/(-23)*3/(-9) is divided by 39?
28
Let i = -110 + 98. Calculate the remainder when (i/15)/((-2)/20) is divided by 2.
0
Let z = -26 - -46. Let f(y) = y**3 + 16*y**2 - 35*y + 25. Calculate the remainder when z is divided by f(-18).
6
Calculate the remainder when 40/(-500) - (-45454)/50 is divided by 76.
73
Let t = -133 - -150. What is the remainder when 32 is divided by t?
15
Suppose -20 = -2*f - 2*o, o = -5*f - 7 + 61. Let m(p) = p**2 - 7*p - 28. What is the remainder when 30 is divided by m(f)?
14
Let r(p) = 49*p - 100. What is the remainder when r(9) is divided by 43?
40
What is the remainder when 195 is divided by (-4)/7 - 4108/(-182)?
19
Let l(d) = d**3 - 9*d**2 + 2. Let u be l(9). Calculate the remainder when u/(24/309)*(-3 + 7) is divided by 26.
25
Let j(w) = -12*w - 23. Let n = 12 - 23. Calculate the remainder when j(n) is divided by 28.
25
Suppose -5*m = x - 73, -34 = -2*m - 3*x + 3. Suppose 3*g - 19 = m. What is the remainder when 43 is divided by g?
10
Let u(p) = -p**3 - 4*p**2 + p - 5. Let h be u(-4). Calculate the remainder when 66 is divided by (4 - (-39)/h)*-51.
15
Let c(w) = -w**3 - 3*w**2 + 4*w - 14. Suppose 0 = -2*a + 23 + 3. Let y = 16 + a. What is the remainder when y is divided by c(-5)?
13
Let s = -34 + 10. Let n be 0*4/s*3. Suppose -7*m = -n*m - 35. What is the remainder when 8 is divided by m?
3
Let a(b) = 11*b - 1. Suppose 0 = -6*p - 0*p + 798. Let w = 150 - p. Calculate the remainder when a(6) is divided by w.
14
Suppose 3*y - 19 - 50 = -i, -4*i + 115 = 5*y. Let s(h) = -2*h**2 + 16*h - 4. Let x be s(7). Suppose -3 = -a + x. What is the remainder when y is divided by a?
10
Let k be 0*(-1 + 0) + 5. Let o = 414 - 416. What is the remainder when 50 is divided by (-670)/(-50) + o/k?
11
Suppose u - 129 = 35. What is the remainder when u is divided by 56?
52
What is the remainder when 40 is divided by 0 - (2 + (-40)/1)?
2
Suppose 0 = -2*n + 23 - 3. Calculate the remainder when n is divided by 2 + 0/1 + (-4 - -9).
3
Let b = -1814 - -1817. What is the remainder when 1056 is divided by b?
0
Let h = -11 - -18. Suppose -40*g = -43*g + 87. Calculate the remainder when g is divided by h.
1
Suppose -351 = -36*o + 27*o. Calculate the remainder when 74 is divided by o.
35
What is the remainder when 52 is divided by (-6)/(-69) + 0 + (-18000)/(-368)?
3
Suppose -4 = -3*z - 2*l, 17 = 5*z + 5*l + 7. Suppose -5*t + 118 - 13 = z. What is the remainder when (-552)/(-9) - (-4)/6 is divided by t?
20
Suppose 4*u + 89 = 5*z, 3*z = -5*u + 49 - 3. Suppose 3 = -t - i + z, 5*t - 60 = -3*i. Calculate the remainder when 17 is divided by t.
8
Let d be 3*86/(-4)*64/(-48). Let w = d - 73. What is the remainder when 43 is divided by w?
4
Let n be 1/1 + 1 - (-51)/17. Suppose 0 = -n*l + 39 + 36. Calculate the remainder when 89 is divided by l.
14
Suppose 9*z - 216 = 7*z. Let g = 219 - z. What is the remainder when g is divided by 38?
35
Suppose 4*r + 38 = 2*s, -2*s - 4*r + 7 = -39. Calculate the remainder when s is divided by 136/22 - 44/242.
3
Suppose 1 = 3*z - 65. Suppose 2*r + 6 = z. What is the remainder when 22 is divided by r?
6
Let p(a) = -a**2 - 9*a - 8. Let u(y) = -y**3 - 2*y**2 - 4*y - 4. Calculate the remainder when u(-3) is divided by p(-7).
5
Let j = 17 + -13. Suppose 0 = j*x + 2*o - 6, 4*o = 4*x - 7*x - 8. What is the remainder when 28 is divided by x + (2 - 6) + 10?
8
Let h(t) = -26*t + 25. Calculate the remainder when 146 is divided by h(0).
21
Suppose u + q - 97 = -4*q, 2*q = -4. Calculate the remainder when u is divided by (-22)/(-1) + -1 + 1.
19
Suppose -444 = -2*l + 72. Suppose 774 - l = 4*s. What is the remainder when s is divided by 33?
30
Let g(t) = 7*t - 171. Calculate the remainder when 27 is divided by g(26).
5
Let c(t) = -6*t + 19. What is the remainder when 37 is divided by c(0)?
18
Suppose -2*a + 43 = -a. Suppose -29 = 6*j - 101. Calculate the remainder when a is divided by j.
7
Suppose 5*f - 170 + 53 = -n, -5*f = -5. Let v = 30 + n. What is the remainder when v is divided by 29?
26
Let o be 1/3*(-2)/(6/(-261)). Let c = -4 + o. What is the remainder when 70 is divided by c?
20
Let g(k) = -4*k - 2. Let h(q) = -1. Let r(n) = g(n) - 2*h(n). What is the remainder when 16 is divided by r(-2)?
0
Let k(p) = p - 7. Let r be k(7). Suppose w + 119 = -r*w. Let c = -75 - w. What is the remainder when c is divided by 12?
8
Suppose 4*a + 5*n = 664, 3*n - 14 = -2. What is the remainder when a is divided by 54?
53
Calculate the remainder when (-3)/(-5*8/80) is divided by 3.
0
Let y(u) = u**3 - 13*u**2 - 13*u - 9. Let a be y(14). Suppose 4*k = -4*b + 64, 0*b - 3*k = a*b - 82. Calculate the remainder when 33 is divided by b.
16
Let m = -748 - -1106. Calculate the remainder when m is divided by 60.
58
Let h(x) = x**3 + 23*x**2 + 17*x + 20. Let t be h(-22). What is the remainder when 4*(-5)/t - 316/(-26) is divided by 7?
5
Suppose -3*s + 2 = -s. Let 